110
In base 3, what is 110100 - 11?
110012
In base 13, what is 31 - a5?
-74
In base 8, what is 226 + 20?
246
In base 10, what is -327 - 4?
-331
In base 10, what is -51 - -7?
-44
In base 4, what is 103 - -32?
201
In base 6, what is 14 + 21?
35
In base 8, what is -10 - -154?
144
In base 4, what is -21 - -210?
123
In base 16, what is 3 + b0?
b3
In base 2, what is -101 + -1001010111?
-1001011100
In base 10, what is 375 + -4?
371
In base 8, what is 4 - 2537?
-2533
In base 15, what is 6 - b?
-5
In base 5, what is -33 + -1203?
-1241
In base 10, what is 5 + 35?
40
In base 4, what is -13 + -122?
-201
In base 4, what is -112203 + -2?
-112211
In base 5, what is 12 - 11103?
-11041
In base 12, what is 3 + -1179?
-1176
In base 8, what is 5 - -1211?
1216
In base 11, what is -827 + 0?
-827
In base 11, what is 2 - 5a7?
-5a5
In base 13, what is -5 - 30a?
-312
In base 11, what is -20 + -15?
-35
In base 2, what is 110010 - -11?
110101
In base 3, what is 1202 + -122?
1010
In base 6, what is -10 - -5?
-1
In base 8, what is 5 - -111?
116
In base 14, what is 4 + -15d?
-159
In base 2, what is 1111 - -1101011111?
1101101110
In base 4, what is 13 + 31013?
31032
In base 13, what is 7b + -3?
78
In base 2, what is 100 + -11?
1
In base 6, what is -330 - -4?
-322
In base 10, what is 5 - 1203?
-1198
In base 8, what is -1152 + 2?
-1150
In base 12, what is -79 + -6?
-83
In base 6, what is 24443 + -1?
24442
In base 2, what is 111011011 + 10?
111011101
In base 6, what is 0 - 22250?
-22250
In base 14, what is 5 - 1?
4
In base 8, what is 16 - -326?
344
In base 11, what is 3 + 11?
14
In base 15, what is 90 + 5?
95
In base 4, what is 21 + -233?
-212
In base 13, what is 5 + 63?
68
In base 7, what is -1 - 4362?
-4363
In base 8, what is -124 + -31?
-155
In base 11, what is 3 - -42?
45
In base 13, what is -5 - -13ab?
13a6
In base 14, what is 1 + -b0?
-ad
In base 11, what is a - -12a0?
12aa
In base 9, what is -75 + -33?
-118
In base 5, what is -1 - 141?
-142
In base 8, what is 2 - -3106?
3110
In base 5, what is 331 - -14?
400
In base 13, what is 7 + 5?
c
In base 10, what is 1 - 5713?
-5712
In base 3, what is 12 - -1001020?
1001102
In base 6, what is 41 - -3?
44
In base 4, what is -223 + 13?
-210
In base 2, what is -10101101011000 - -1?
-10101101010111
In base 10, what is -33 - 2?
-35
In base 2, what is 10011 - -10000100?
10010111
In base 15, what is bd6 - -5?
bdb
In base 13, what is 4 + 1194?
1198
In base 13, what is 1a - 8?
12
In base 10, what is -12 - -4?
-8
In base 12, what is 3 - -164?
167
In base 10, what is 7 - 16?
-9
In base 16, what is -c - 10?
-1c
In base 3, what is -212 - 11?
-1000
In base 16, what is -1 - -3a?
39
In base 12, what is -1 - 3b5?
-3b6
In base 10, what is 0 + -1758?
-1758
In base 2, what is 1 - 1111001?
-1111000
In base 5, what is -1 - -2112?
2111
In base 5, what is -134 + 11?
-123
In base 11, what is 4 - 9a?
-96
In base 8, what is 426 + 0?
426
In base 3, what is 12 - -222222?
1000011
In base 12, what is -2b + -341?
-370
In base 7, what is -24362 + -5?
-24400
In base 6, what is 1 - -25?
30
In base 8, what is 343 + -140?
203
In base 11, what is 781 + 2?
783
In base 13, what is 9 + 63?
6c
In base 7, what is 5420 + -5?
5412
In base 5, what is -104 + 333?
224
In base 11, what is -35 - a?
-44
In base 11, what is -7 + -11?
-18
In base 2, what is -10 + -110001?
-110011
In base 11, what is 2 - 30?
-29
In base 12, what is 3b + 2?
41
In base 16, what is d - -7?
14
In base 11, what is 535 + -4?
531
In base 15, what is -4 + -15?
-19
In base 11, what is 0 - 10?
-10
In base 10, what is 45 + -152?
-107
In base 6, what is -2011 + 52?
-1515
In base 6, what is 34 + -413?
-335
In base 14, what is -b3 + 3?
-b0
In base 11, what is 5 + 13?
18
In base 10, what is -12 - 233?
-245
In base 6, what is -20 + 15?
-1
In base 15, what is 4 - -110?
114
In base 15, what is 10 - e?
1
In base 8, what is 23 + -13?
10
In base 10, what is 2839 + 1?
2840
In base 15, what is 8 + -a?
-2
In base 8, what is 3 + -107?
-104
In base 13, what is -16 - -4?
-12
In base 3, what is -1021200 - 2?
-1021202
In base 6, what is -1231 - 2?
-1233
In base 13, what is -81 + -a?
-8b
In base 3, what is -121112 + -2?
-121121
In base 4, what is -2110 - -10?
-2100
In base 10, what is -4 + -765?
-769
In base 4, what is 22 - -1211?
1233
In base 9, what is -12 + -245?
-257
In base 16, what is 1f - 24?
-5
In base 12, what is -10b3 - -5?
-10aa
In base 5, what is 4122 + -1?
4121
In base 9, what is -5734 + -1?
-5735
In base 10, what is 359 + -4?
355
In base 6, what is -4 - -2522?
2514
In base 16, what is -bc - -4?
-b8
In base 5, what is 112 + -3142?
-3030
In base 14, what is -167 - 0?
-167
In base 11, what is -2 + 5a?
58
In base 3, what is -221 + -1?
-222
In base 4, what is 2 + -310312?
-310310
In base 4, what is -23 - 21330?
-22013
In base 6, what is 3 - 2201?
-2154
In base 15, what is 19 + -1c?
-3
In base 9, what is 561 + -4?
556
In base 14, what is 219 - 3?
216
In base 8, what is 3407 - 0?
3407
In base 11, what is -154a - -2?
-1548
In base 13, what is 5 - 2a3b?
-2a36
In base 14, what is 5 - 2a?
-25
In base 5, what is 22201 + -10?
22141
In base 15, what is -8d + -6?
-94
In base 11, what is 11 - -12?
23
In base 12, what is 2 + -a6?
-a4
In base 14, what is b70 + 1?
b71
In base 4, what is 20 + -103?
-23
In base 8, what is 102 + 74?
176
In base 10, what is -1 + -7?
-8
In base 8, what is 11224 + -2?
11222
In base 15, what is 1a0 - -25?
1c5
In base 6, what is 31314 - -4?
31322
In base 11, what is -10 + 32?
22
In base 9, what is -24 + -7?
-32
In base 5, what is -1442 + 3?
-1434
In base 6, what is 1051 - -3?
1054
In base 2, what is -1111110 - 1?
-1111111
In base 9, what is 5522 + 3?
5525
In base 13, what is -6 - -a2?
99
In base 14, what is 28 + 3?
2b
In base 8, what is -6 + -1660?
-1666
In base 8, what is -2331 - -1?
-2330
In base 6, what is -23 - 31?
-54
In base 10, what is -107 + -42?
-149
In base 2, what is -1111000111 + 101?
-1111000010
In base 12, what is 3 + 57?
5a
In base 4, what is -3 - -331?
322
In base 2, what is 1000 - -101?
1101
In base 12, what is 1b18 + -4?
1b14
In base 13, what is 2 - a9?
-a7
In base 6, what is 50 - -4320?
4410
In base 6, what is -5 - 20014?
-20023
In base 12, what is -a28 + 3?
-a25
In base 16, what is 101 - 2?
ff
In base 11, what is 13 + -95?
-82
In base 5, what is 231 + 4?
240
In base 10, what is 120 - -4?
124
In base 6, what is -534 - 2?
-540
In base 10, what is -5 + -1027?
-1032
In base 11, what is 18 + -120?
-103
In base 14, what is -2 + 2c?
2a
In base 12, what is -1399 + -2?
-139b
In base 10, what is -50 - -4?
-46
In base 6, what is 1 + 124?
125
In base 16, what is -b - -18?
d
In base 8, what is 30 - -7?
37
In base 10, what is -3 + 4568?
4565
In base 7, what is -5 + -1531?
-1536
In base 3, what is 1 - 120?
-112
In base 15, what is 12 - -c?
1e
In base 2, what is -100110101 - 11?
-100111000
In base 2, what is 1000100 + 1?
1000101
In base 16, what is -4 + -a5?
-a9
In base 14, what is 0 - 27b?
-27b
In base 16, what is 0 + 6?
6
In base 9, what is 1 + 1807?
1808
In base 14, what is -a09 - 1?
-a0a
In base 8, what is 6 + -24?
-16
In base 12, what is -33 + 2a?
-5
In base 16, what is -4 + -2?
-6
In base 4, what is -11232 - -10?
-11222
In base 14, what is -4 - 16?
-1a
In base 16, what is 1a + -1?
19
In base 4, what is -10 - 221?
-231
In base 3, what is -1 + -1020212?
-1020220
In base 4, what is -1 + -10001?
-10002
In base 7, what is -1 + -65?
-66
In base 13, what is -5 - -7c8?
7c3
In base 11, what is 0 - 1666?
-1666
In base 3, what is -122002202 + 0?
-122002202
In base 11, what is 0 + 5?
5
In base 8, what is 1 - 472?
-471
In base 11, what is -5 - -218?
213
In base 16, what is -1081 + 3?
-107e
In base 2, what is 1 + 110?
111
In base 15, what is 4e + -5?
49
In base 6, what is 214 - 2?
212
In base 3, what is 2101 - -12?
2120
In base 12, what is 2bb90 + 2?
2bb92
In base 11, what is -3 + -506?
-509
In base 9, what is -31035 - 4?
-31040
In base 4, what is 11210 - 2?
11202
In base 6, what is -540 + -1?
-541
In base 7, what is -220 - -24?
-163
In base 2, what is -10000 - 10100011111?
-10100101111
In base 4, what is -1331 + -20?
-2011
In base 15, what is -167 + -d?
-175
In base 9, what is 212 + -11?
201
In base 10, what is 484 + 0?
484
In base 10, what is -1705 + -5?
-1710
In base 12, what is -6 + 64?
5a
In base 3, what